{"id":16651,"date":"2016-11-09T09:50:38","date_gmt":"2016-11-09T09:50:38","guid":{"rendered":"http:\/\/azfil.basicamentebsp.com\/?page_id=16651"},"modified":"2017-01-06T17:07:10","modified_gmt":"2017-01-06T17:07:10","slug":"home","status":"publish","type":"page","link":"https:\/\/azfil.pt\/?lang=pt","title":{"rendered":"Home"},"content":{"rendered":"<p>[vc_row row_type=&#8221;row&#8221; use_row_as_full_screen_section=&#8221;no&#8221; type=&#8221;full_width&#8221; angled_section=&#8221;no&#8221; text_align=&#8221;left&#8221; background_image_as_pattern=&#8221;without_pattern&#8221; css_animation=&#8221;&#8221;][vc_column][vc_column_text]<script data-cfasync=\"false\" type=\"text\/javascript\">var lsjQuery=jQuery;<\/script><script data-cfasync=\"false\" type=\"text\/javascript\">\r\nlsjQuery(document).ready(function() {\r\nif(typeof lsjQuery.fn.layerSlider == \"undefined\") { lsShowNotice('layerslider_1','jquery'); }\r\nelse {\r\nlsjQuery(\"#layerslider_1\").layerSlider({navPrevNext: false, hoverPrevNext: false, navStartStop: false, navButtons: false, showCircleTimer: false, autoPlayVideos: false, imgPreload: false, lazyLoad: false, skinsPath: 'https:\/\/azfil.pt\/wp-content\/plugins\/LayerSlider\/static\/skins\/'})\r\n}\r\n});\r\n<\/script><div id=\"layerslider_1\" class=\"ls-wp-container\" style=\"width:1900px;height:800px;margin:0 auto;margin-bottom: 0px;\"><div class=\"ls-slide\" data-ls=\"transition2d:5;\"><img decoding=\"async\" src=\"https:\/\/azfil.pt\/wp-content\/uploads\/2016\/12\/Home-slider-2.jpg\" class=\"ls-bg\" alt=\"home-slider-2\" \/><\/div><div class=\"ls-slide\" data-ls=\"transition2d:5;\"><img decoding=\"async\" src=\"https:\/\/azfil.pt\/wp-content\/uploads\/2016\/12\/home-slider-4.jpg\" class=\"ls-bg\" alt=\"home-slider-4\" \/><\/div><div class=\"ls-slide\" data-ls=\"transition2d:5;\"><img decoding=\"async\" src=\"https:\/\/azfil.pt\/wp-content\/uploads\/2016\/12\/Home_slider_1.jpg\" class=\"ls-bg\" alt=\"home_slider_1\" \/><\/div><div class=\"ls-slide\" data-ls=\"transition2d:5;\"><img decoding=\"async\" src=\"https:\/\/azfil.pt\/wp-content\/uploads\/2016\/12\/home-slider-3.jpg\" class=\"ls-bg\" alt=\"home-slider-3\" \/><\/div><\/div>[\/vc_column_text][\/vc_column][\/vc_row][vc_row row_type=&#8221;row&#8221; use_row_as_full_screen_section=&#8221;no&#8221; type=&#8221;full_width&#8221; angled_section=&#8221;no&#8221; text_align=&#8221;left&#8221; background_image_as_pattern=&#8221;without_pattern&#8221; css_animation=&#8221;&#8221;][vc_column][vc_row_inner row_type=&#8221;row&#8221; type=&#8221;grid&#8221; text_align=&#8221;left&#8221; css_animation=&#8221;&#8221;][vc_column_inner][vc_empty_space][vc_column_text]<\/p>\n<h1 style=\"text-align: center;\">AZFIL<\/h1>\n<p>[\/vc_column_text][vc_separator type=&#8221;small&#8221; position=&#8221;center&#8221; color=&#8221;#000000&#8243; width=&#8221;50&#8243; down=&#8221;10&#8243;][vc_column_text]<\/p>\n<h2 style=\"text-align: center;\"><\/h2>\n<h2 style=\"text-align: center;\"><span style=\"color: #9fab00;\">Muros de Gabi\u00f5es, Terramesh, Gabiarq, Colch\u00f5es de Reno e Revestimento de Taludes.<\/span><\/h2>\n<p>[\/vc_column_text][vc_separator type=&#8221;transparent&#8221; up=&#8221;5&#8243; down=&#8221;5&#8243;][vc_column_text]<\/p>\n<h3 style=\"text-align: center;\"><span style=\"color: #000000;\">Alicer\u00e7amos o Presente e Construimos o futuro<\/span><\/h3>\n<p>[\/vc_column_text][vc_column_text]<\/p>\n<h5 style=\"text-align: center;\"><span style=\"color: #9fab00;\">Desde 1993 a trabalhar consigo.<\/span><\/h5>\n<p>[\/vc_column_text][vc_separator type=&#8221;transparent&#8221;][vc_empty_space][\/vc_column_inner][\/vc_row_inner][\/vc_column][\/vc_row][vc_row row_type=&#8221;row&#8221; use_row_as_full_screen_section=&#8221;no&#8221; type=&#8221;grid&#8221; angled_section=&#8221;no&#8221; text_align=&#8221;left&#8221; background_image=&#8221;16919&#8243; background_image_as_pattern=&#8221;without_pattern&#8221; css_animation=&#8221;&#8221;][vc_column][vc_empty_space height=&#8221;20px&#8221;][vc_row_inner row_type=&#8221;row&#8221; type=&#8221;full_width&#8221; text_align=&#8221;center&#8221; css_animation=&#8221;&#8221;][vc_column_inner width=&#8221;1\/3&#8243;][\/vc_column_inner][vc_column_inner width=&#8221;1\/3&#8243;][\/vc_column_inner][vc_column_inner width=&#8221;1\/3&#8243; css=&#8221;.vc_custom_1478694993973{background-color: rgba(25,71,42,0.77) !important;*background-color: rgb(25,71,42) !important}&#8221;][vc_empty_space height=&#8221;12px&#8221;][vc_column_text]<\/p>\n<h3><span style=\"color: #ffffff;\">Engenharia<\/span><\/h3>\n<h3><span style=\"color: #ffffff;\">e Contru\u00e7\u00e3o<\/span><\/h3>\n<p>[\/vc_column_text][vc_separator type=&#8221;transparent&#8221;][vc_column_text]<\/p>\n<p style=\"text-align: justify;\"><span style=\"color: #ffffff;\">Gabi\u00f5es, Colch\u00f5es Reno, Terramesh e Rede de protec\u00e7\u00e3o de taludes contra a queda de pedras;\u00a0Muros de suporte, sistematiza\u00e7\u00e3o de rios e ribeiras, suporte de aterros, protec\u00e7\u00e3o de taludes e muitos outros trabalhos.<\/span><\/p>\n<p>[\/vc_column_text][vc_separator type=&#8221;transparent&#8221;]<a itemprop=\"url\" href=\"\/engenharia-e-construcao\" target=\"_self\" data-hover-background-color=#19472a data-hover-border-color=#ffffff data-hover-color=#ffffff class=\"qbutton default\" style=\"color: #19472a; border-color: #19472a; background-color: #ffffff;\">Saber Mais<\/a>[vc_separator type=&#8221;transparent&#8221;][vc_empty_space height=&#8221;22px&#8221;][\/vc_column_inner][\/vc_row_inner][vc_empty_space height=&#8221;20px&#8221;][\/vc_column][\/vc_row][vc_row row_type=&#8221;row&#8221; use_row_as_full_screen_section=&#8221;no&#8221; type=&#8221;full_width&#8221; angled_section=&#8221;no&#8221; text_align=&#8221;left&#8221; background_image_as_pattern=&#8221;without_pattern&#8221; css_animation=&#8221;&#8221;][vc_column][vc_separator type=&#8221;normal&#8221; color=&#8221;#ffffff&#8221; up=&#8221;0&#8243; down=&#8221;0&#8243;][\/vc_column][\/vc_row][vc_row row_type=&#8221;row&#8221; use_row_as_full_screen_section=&#8221;no&#8221; type=&#8221;grid&#8221; angled_section=&#8221;no&#8221; text_align=&#8221;left&#8221; background_image=&#8221;16823&#8243; background_image_as_pattern=&#8221;without_pattern&#8221; css_animation=&#8221;&#8221;][vc_column][vc_empty_space height=&#8221;20px&#8221;][vc_row_inner row_type=&#8221;row&#8221; type=&#8221;full_width&#8221; text_align=&#8221;center&#8221; css_animation=&#8221;&#8221;][vc_column_inner width=&#8221;1\/3&#8243; css=&#8221;.vc_custom_1478694993973{background-color: rgba(25,71,42,0.77) !important;*background-color: rgb(25,71,42) !important}&#8221;][vc_empty_space height=&#8221;12px&#8221;][vc_column_text]<\/p>\n<h3><span style=\"color: #ffffff;\">Transportes<\/span><\/h3>\n<p>[\/vc_column_text][vc_separator type=&#8221;transparent&#8221;][vc_column_text]<\/p>\n<p style=\"text-align: justify;\"><span style=\"color: #ffffff;\">Efectuamos transporte rodovi\u00e1rio de mercadorias, nacional e internacional, de carga de geral, contando de momento com uma frota de 6 cami\u00f5es.<\/span><\/p>\n<p>[\/vc_column_text][vc_separator type=&#8221;transparent&#8221;]<a itemprop=\"url\" href=\"\/transportes\" target=\"_self\" data-hover-background-color=#19472a data-hover-border-color=#ffffff data-hover-color=#ffffff class=\"qbutton default\" style=\"color: #19472a; border-color: #19472a; background-color: #ffffff;\">Saber Mais<\/a>[vc_separator type=&#8221;transparent&#8221;][vc_empty_space height=&#8221;22px&#8221;][\/vc_column_inner][\/vc_row_inner][vc_empty_space height=&#8221;20px&#8221;][\/vc_column][\/vc_row]<\/p>\n","protected":false},"excerpt":{"rendered":"<p>[vc_row row_type=&#8221;row&#8221; use_row_as_full_screen_section=&#8221;no&#8221; type=&#8221;full_width&#8221; angled_section=&#8221;no&#8221; text_align=&#8221;left&#8221; background_image_as_pattern=&#8221;without_pattern&#8221; css_animation=&#8221;&#8221;][vc_column][vc_column_text][\/vc_column_text][\/vc_column][\/vc_row][vc_row row_type=&#8221;row&#8221; use_row_as_full_screen_section=&#8221;no&#8221; type=&#8221;full_width&#8221; angled_section=&#8221;no&#8221; text_align=&#8221;left&#8221; background_image_as_pattern=&#8221;without_pattern&#8221; css_animation=&#8221;&#8221;][vc_column][vc_row_inner row_type=&#8221;row&#8221; type=&#8221;grid&#8221; text_align=&#8221;left&#8221; css_animation=&#8221;&#8221;][vc_column_inner][vc_empty_space][vc_column_text] AZFIL [\/vc_column_text][vc_separator type=&#8221;small&#8221; position=&#8221;center&#8221; color=&#8221;#000000&#8243; width=&#8221;50&#8243; down=&#8221;10&#8243;][vc_column_text] Muros de Gabi\u00f5es, Terramesh, Gabiarq, Colch\u00f5es de Reno e Revestimento de Taludes. [\/vc_column_text][vc_separator type=&#8221;transparent&#8221; up=&#8221;5&#8243; down=&#8221;5&#8243;][vc_column_text] Alicer\u00e7amos o Presente&#8230;<\/p>\n","protected":false},"author":1,"featured_media":0,"parent":0,"menu_order":0,"comment_status":"closed","ping_status":"closed","template":"full_width.php","meta":{"footnotes":""},"class_list":["post-16651","page","type-page","status-publish","hentry"],"_links":{"self":[{"href":"https:\/\/azfil.pt\/index.php?rest_route=\/wp\/v2\/pages\/16651","targetHints":{"allow":["GET"]}}],"collection":[{"href":"https:\/\/azfil.pt\/index.php?rest_route=\/wp\/v2\/pages"}],"about":[{"href":"https:\/\/azfil.pt\/index.php?rest_route=\/wp\/v2\/types\/page"}],"author":[{"embeddable":true,"href":"https:\/\/azfil.pt\/index.php?rest_route=\/wp\/v2\/users\/1"}],"replies":[{"embeddable":true,"href":"https:\/\/azfil.pt\/index.php?rest_route=%2Fwp%2Fv2%2Fcomments&post=16651"}],"version-history":[{"count":1,"href":"https:\/\/azfil.pt\/index.php?rest_route=\/wp\/v2\/pages\/16651\/revisions"}],"predecessor-version":[{"id":16972,"href":"https:\/\/azfil.pt\/index.php?rest_route=\/wp\/v2\/pages\/16651\/revisions\/16972"}],"wp:attachment":[{"href":"https:\/\/azfil.pt\/index.php?rest_route=%2Fwp%2Fv2%2Fmedia&parent=16651"}],"curies":[{"name":"wp","href":"https:\/\/api.w.org\/{rel}","templated":true}]}}