{"id":16655,"date":"2016-11-09T10:23:14","date_gmt":"2016-11-09T10:23:14","guid":{"rendered":"http:\/\/azfil.basicamentebsp.com\/?page_id=16655"},"modified":"2019-09-11T16:12:01","modified_gmt":"2019-09-11T16:12:01","slug":"quem-somos-transportes-construcao-civil-obras-publicas","status":"publish","type":"page","link":"https:\/\/azfil.pt\/?page_id=16655&lang=pt","title":{"rendered":"Quem Somos"},"content":{"rendered":"<p>[vc_row row_type=&#8221;row&#8221; use_row_as_full_screen_section=&#8221;no&#8221; type=&#8221;full_width&#8221; angled_section=&#8221;no&#8221; text_align=&#8221;left&#8221; background_image_as_pattern=&#8221;without_pattern&#8221; css_animation=&#8221;&#8221;][vc_column][vc_empty_space][\/vc_column][\/vc_row][vc_row row_type=&#8221;row&#8221; use_row_as_full_screen_section=&#8221;no&#8221; type=&#8221;grid&#8221; angled_section=&#8221;no&#8221; text_align=&#8221;left&#8221; background_image_as_pattern=&#8221;without_pattern&#8221; css_animation=&#8221;&#8221;][vc_column width=&#8221;1\/2&#8243;][vc_separator type=&#8221;transparent&#8221;][vc_single_image image=&#8221;16707&#8243; img_size=&#8221;full&#8221; qode_css_animation=&#8221;&#8221;][vc_separator type=&#8221;transparent&#8221;][\/vc_column][vc_column width=&#8221;1\/2&#8243;][vc_separator type=&#8221;transparent&#8221;][vc_column_text]<\/p>\n<h5><span style=\"color: #a2b009;\">Constru\u00e7\u00e3o Civil e Obras P\u00fablicas;\u00a0<\/span><\/h5>\n<h5><span style=\"color: #a2b009;\">Transportes de Mercadorias\u00a0<\/span><\/h5>\n<p>[\/vc_column_text][vc_separator type=&#8221;normal&#8221; color=&#8221;#194529&#8243;][vc_column_text]<\/p>\n<p class=\"p1\" style=\"text-align: justify;\"><span class=\"s1\" style=\"color: #000000;\">A origem da empresa remonta a\u00a0<b>1993<\/b>, data que coincide com o in\u00edcio da actividade. Nesta 1.\u00aa fase adopta o nome Transportes Azevedo &amp; Cerqueira Lda., e orienta a sua estrat\u00e9gia para os Transportes de Mercadorias Ocasionais, Constru\u00e7\u00e3o Civil e Obras Publicas.<\/span><\/p>\n<p class=\"p1\" style=\"text-align: justify;\"><span style=\"color: #000000;\"><span class=\"s1\">Durante o ano de\u00a0<b>2009<\/b>, altera-se o nome, passando a adoptar a actual denomina\u00e7\u00e3o:\u00a0<b>AZFIL, S.A.<\/b><\/span><span class=\"s1\">\u00a0<\/span><\/span><\/p>\n<p class=\"p1\" style=\"text-align: justify;\"><span style=\"color: #000000;\"><span class=\"s1\">Em\u00a0<b>2010<\/b>\u00a0foi o ano da internacionaliza\u00e7\u00e3o, com o arranque e desenvolvimento no mercado Franc\u00eas.<\/span><span class=\"s1\">\u00a0<\/span><\/span><\/p>\n<p>[\/vc_column_text][vc_separator type=&#8221;transparent&#8221;][\/vc_column][\/vc_row][vc_row row_type=&#8221;row&#8221; use_row_as_full_screen_section=&#8221;no&#8221; type=&#8221;grid&#8221; angled_section=&#8221;no&#8221; text_align=&#8221;left&#8221; background_image_as_pattern=&#8221;without_pattern&#8221; css_animation=&#8221;&#8221;][vc_column width=&#8221;1\/2&#8243;][vc_separator type=&#8221;transparent&#8221;][vc_column_text]<\/p>\n<h5>A Nossa Empresa<\/h5>\n<p>[\/vc_column_text][vc_separator type=&#8221;normal&#8221; color=&#8221;#194529&#8243;][vc_accordion active_tab=&#8221;&#8221; collapsible=&#8221;yes&#8221; style=&#8221;accordion&#8221;][vc_accordion_tab title=&#8221;Miss\u00e3o, Vis\u00e3o e Valores&#8221; title_color=&#8221;#194529&#8243; background_color=&#8221;#ededed&#8221; title_tag=&#8221;h5&#8243;][vc_column_text]<\/p>\n<h5>Miss\u00e3o<\/h5>\n<p><span style=\"color: #000000;\">A AZFIL tem como miss\u00e3o desenvolver, produzir e comercializar servi\u00e7os que as pessoas prefiram comprar e tenham orgulho de possuir, garantindo a cria\u00e7\u00e3o de valor e a sustentabilidade do neg\u00f3cio dentro de uma pol\u00edtica de responsabilidade ambiental.<\/span>[\/vc_column_text][vc_separator type=&#8221;normal&#8221; color=&#8221;#194529&#8243;][vc_column_text]<\/p>\n<h5>Vis\u00e3o<\/h5>\n<p style=\"text-align: justify;\">Estar entre os principais fornecedores do mercado e ser refer\u00eancia de excel\u00eancia nos produtos e servi\u00e7os que comercializamos atrav\u00e9s da satisfa\u00e7\u00e3o do cliente, valoriza\u00e7\u00e3o e respeito \u00e0s pessoas, responsabilidade social e respeito ao meio ambiente.<\/p>\n<p>[\/vc_column_text][vc_separator type=&#8221;normal&#8221; color=&#8221;#194529&#8243;][vc_column_text]<\/p>\n<h5>Valores<\/h5>\n<div>&#8211; Entusiasmo<\/div>\n<div>&#8211; Inova\u00e7\u00e3o<\/div>\n<div>&#8211; Simplicidade<\/div>\n<div>&#8211; Criatividade<\/div>\n<div>&#8211; Honestidade<\/div>\n<div>&#8211; Excel\u00eancia<\/div>\n<p>[\/vc_column_text][vc_separator type=&#8221;normal&#8221; color=&#8221;#194529&#8243;][\/vc_accordion_tab][vc_accordion_tab title=&#8221;Responsabilidade Social&#8221; title_color=&#8221;#194529&#8243; background_color=&#8221;#ededed&#8221; title_tag=&#8221;h5&#8243;][vc_column_text]<\/p>\n<div style=\"text-align: justify;\">O Decreto\u2013Lei n.\u00ba 147\/2008, de 29 de julho (Diploma da Responsabilidade Ambiental) alterado pelo Decreto-Lei n.\u00ba 245\/2009, de 22 de setembro, pelo Decreto-Lei n.\u00ba 29-A\/2011, de 1 de mar\u00e7o e pelo Decreto-Lei n.\u00ba 60\/2012, de 14 de mar\u00e7o, estabelece o regime jur\u00eddico da responsabilidade por danos ambientais e transp\u00f5e para a ordem jur\u00eddica nacional a Diretiva n.\u00ba 2004\/35\/CE, do Parlamento Europeu e do Conselho, de 21 de Abril de 2004, que aprovou, com base no princ\u00edpio do poluidor-pagador, o regime relativo \u00e0 responsabilidade ambiental aplic\u00e1vel \u00e0 preven\u00e7\u00e3o e repara\u00e7\u00e3o dos danos ambientais, com a altera\u00e7\u00e3o que lhe foi introduzida pela Diretiva n.\u00ba 2006\/21\/CE, do Parlamento Europeu e do Conselho, relativa \u00e0 gest\u00e3o de res\u00edduos da ind\u00fastria extrativa e pela Diretiva 2009\/31\/CE do Parlamento Europeu e do Conselho, de 23 de Abril, relativa ao armazenamento geol\u00f3gico de di\u00f3xido de carbono.<\/div>\n<p style=\"text-align: justify;\">O regime da responsabilidade ambiental aplica-se a:<\/p>\n<ul style=\"text-align: justify;\">\n<li>Danos ambientais, nos termos do definido na al\u00ednea e) do n.\u00ba 1 do art. 11.\u00ba do diploma;<\/li>\n<li>Amea\u00e7as iminentes desses danos, definidas na al\u00ednea b) do n.\u00ba 1 do art. 11.\u00ba do diploma;<\/li>\n<\/ul>\n<p style=\"text-align: justify;\">causados em resultado do exerc\u00edcio de uma qualquer atividade desenvolvida no \u00e2mbito de uma atividade econ\u00f3mica, independentemente do seu car\u00e1cter p\u00fablico ou privado, lucrativo ou n\u00e3o, abreviadamente designada atividade ocupacional.<\/p>\n<p style=\"text-align: justify;\">A AZFIL tem uma atitude de responsabilidade ambiental, individual e empresarial, voltada para o desenvolvimento sustent\u00e1vel do planeta. Ou seja, estas atitudes devem levar em conta o crescimento econ\u00f4mico ajustado \u00e0 prote\u00e7\u00e3o do meio ambiente na atualidade e para as gera\u00e7\u00f5es futuras, garantindo a sustentabilidade.<\/p>\n<p>[\/vc_column_text][\/vc_accordion_tab][\/vc_accordion][\/vc_column][vc_column width=&#8221;1\/2&#8243;][vc_separator type=&#8221;transparent&#8221;][vc_column_text]<\/p>\n<h5>Certifica\u00e7\u00f5es<\/h5>\n<p>[\/vc_column_text][vc_separator type=&#8221;normal&#8221; color=&#8221;#194529&#8243; down=&#8221;0&#8243;][vc_row_inner row_type=&#8221;row&#8221; type=&#8221;full_width&#8221; text_align=&#8221;left&#8221; css_animation=&#8221;&#8221;][vc_column_inner width=&#8221;2\/4&#8243;][vc_separator type=&#8221;transparent&#8221; up=&#8221;1&#8243;][vc_single_image image=&#8221;16932&#8243; img_size=&#8221;full&#8221; alignment=&#8221;center&#8221; qode_css_animation=&#8221;&#8221;][vc_separator type=&#8221;transparent&#8221;][\/vc_column_inner][vc_column_inner width=&#8221;1\/4&#8243;][vc_separator type=&#8221;transparent&#8221; up=&#8221;1&#8243;][vc_single_image image=&#8221;16931&#8243; img_size=&#8221;full&#8221; alignment=&#8221;center&#8221; qode_css_animation=&#8221;&#8221;][vc_separator type=&#8221;transparent&#8221;][\/vc_column_inner][vc_column_inner width=&#8221;1\/4&#8243;][vc_separator type=&#8221;transparent&#8221; up=&#8221;1&#8243;][vc_single_image image=&#8221;16930&#8243; img_size=&#8221;full&#8221; alignment=&#8221;center&#8221; qode_css_animation=&#8221;&#8221;][vc_separator type=&#8221;transparent&#8221;][\/vc_column_inner][\/vc_row_inner][\/vc_column][\/vc_row]<\/p>\n","protected":false},"excerpt":{"rendered":"<p>[vc_row row_type=&#8221;row&#8221; use_row_as_full_screen_section=&#8221;no&#8221; type=&#8221;full_width&#8221; angled_section=&#8221;no&#8221; text_align=&#8221;left&#8221; background_image_as_pattern=&#8221;without_pattern&#8221; css_animation=&#8221;&#8221;][vc_column][vc_empty_space][\/vc_column][\/vc_row][vc_row row_type=&#8221;row&#8221; use_row_as_full_screen_section=&#8221;no&#8221; type=&#8221;grid&#8221; angled_section=&#8221;no&#8221; text_align=&#8221;left&#8221; background_image_as_pattern=&#8221;without_pattern&#8221; css_animation=&#8221;&#8221;][vc_column width=&#8221;1\/2&#8243;][vc_separator type=&#8221;transparent&#8221;][vc_single_image image=&#8221;16707&#8243; img_size=&#8221;full&#8221; qode_css_animation=&#8221;&#8221;][vc_separator type=&#8221;transparent&#8221;][\/vc_column][vc_column width=&#8221;1\/2&#8243;][vc_separator type=&#8221;transparent&#8221;][vc_column_text] Constru\u00e7\u00e3o Civil e Obras P\u00fablicas;\u00a0 Transportes de Mercadorias\u00a0 [\/vc_column_text][vc_separator type=&#8221;normal&#8221; color=&#8221;#194529&#8243;][vc_column_text] A origem da empresa remonta a\u00a01993, data que coincide com o&#8230;<\/p>\n","protected":false},"author":1,"featured_media":0,"parent":0,"menu_order":0,"comment_status":"closed","ping_status":"closed","template":"full_width.php","meta":{"footnotes":""},"class_list":["post-16655","page","type-page","status-publish","hentry"],"_links":{"self":[{"href":"https:\/\/azfil.pt\/index.php?rest_route=\/wp\/v2\/pages\/16655","targetHints":{"allow":["GET"]}}],"collection":[{"href":"https:\/\/azfil.pt\/index.php?rest_route=\/wp\/v2\/pages"}],"about":[{"href":"https:\/\/azfil.pt\/index.php?rest_route=\/wp\/v2\/types\/page"}],"author":[{"embeddable":true,"href":"https:\/\/azfil.pt\/index.php?rest_route=\/wp\/v2\/users\/1"}],"replies":[{"embeddable":true,"href":"https:\/\/azfil.pt\/index.php?rest_route=%2Fwp%2Fv2%2Fcomments&post=16655"}],"version-history":[{"count":2,"href":"https:\/\/azfil.pt\/index.php?rest_route=\/wp\/v2\/pages\/16655\/revisions"}],"predecessor-version":[{"id":17095,"href":"https:\/\/azfil.pt\/index.php?rest_route=\/wp\/v2\/pages\/16655\/revisions\/17095"}],"wp:attachment":[{"href":"https:\/\/azfil.pt\/index.php?rest_route=%2Fwp%2Fv2%2Fmedia&parent=16655"}],"curies":[{"name":"wp","href":"https:\/\/api.w.org\/{rel}","templated":true}]}}

<p>[vc_row row_type=&#8221;row&#8221; use_row_as_full_screen_section=&#8221;no&#8221; type=&#8221;full_width&#8221; angled_section=&#8221;no&#8221; text_align=&#8221;left&#8221; background_image_as_pattern=&#8221;without_pattern&#8221; css_animation=&#8221;&#8221;][vc_column][vc_empty_space][/vc_column][/vc_row][vc_row row_type=&#8221;row&#8221; use_row_as_full_screen_section=&#8221;no&#8221; type=&#8221;grid&#8221; angled_section=&#8221;no&#8221; text_align=&#8221;left&#8221; background_image_as_pattern=&#8221;without_pattern&#8221; css_animation=&#8221;&#8221;][vc_column width=&#8221;1/2&#8243;][vc_separator type=&#8221;transparent&#8221;][vc_single_image image=&#8221;16707&#8243; img_size=&#8221;full&#8221; qode_css_animation=&#8221;&#8221;][vc_separator type=&#8221;transparent&#8221;][/vc_column][vc_column width=&#8221;1/2&#8243;][vc_separator type=&#8221;transparent&#8221;][vc_column_text]</p>
<h5><span style="color: #a2b009;">Construção Civil e Obras Públicas; </span></h5>
<h5><span style="color: #a2b009;">Transportes de Mercadorias </span></h5>
<p>[/vc_column_text][vc_separator type=&#8221;normal&#8221; color=&#8221;#194529&#8243;][vc_column_text]</p>
<p class="p1" style="text-align: justify;"><span class="s1" style="color: #000000;">A origem da empresa remonta a <b>1993</b>, data que coincide com o início da actividade. Nesta 1.ª fase adopta o nome Transportes Azevedo &amp; Cerqueira Lda., e orienta a sua estratégia para os Transportes de Mercadorias Ocasionais, Construção Civil e Obras Publicas.</span></p>
<p class="p1" style="text-align: justify;"><span style="color: #000000;"><span class="s1">Durante o ano de <b>2009</b>, altera-se o nome, passando a adoptar a actual denominação: <b>AZFIL, S.A.</b></span><span class="s1"> </span></span></p>
<p class="p1" style="text-align: justify;"><span style="color: #000000;"><span class="s1">Em <b>2010</b> foi o ano da internacionalização, com o arranque e desenvolvimento no mercado Francês.</span><span class="s1"> </span></span></p>
<p>[/vc_column_text][vc_separator type=&#8221;transparent&#8221;][/vc_column][/vc_row][vc_row row_type=&#8221;row&#8221; use_row_as_full_screen_section=&#8221;no&#8221; type=&#8221;grid&#8221; angled_section=&#8221;no&#8221; text_align=&#8221;left&#8221; background_image_as_pattern=&#8221;without_pattern&#8221; css_animation=&#8221;&#8221;][vc_column width=&#8221;1/2&#8243;][vc_separator type=&#8221;transparent&#8221;][vc_column_text]</p>
<h5>A Nossa Empresa</h5>
<p>[/vc_column_text][vc_separator type=&#8221;normal&#8221; color=&#8221;#194529&#8243;][vc_accordion active_tab=&#8221;&#8221; collapsible=&#8221;yes&#8221; style=&#8221;accordion&#8221;][vc_accordion_tab title=&#8221;Missão, Visão e Valores&#8221; title_color=&#8221;#194529&#8243; background_color=&#8221;#ededed&#8221; title_tag=&#8221;h5&#8243;][vc_column_text]</p>
<h5>Missão</h5>
<p><span style="color: #000000;">A AZFIL tem como missão desenvolver, produzir e comercializar serviços que as pessoas prefiram comprar e tenham orgulho de possuir, garantindo a criação de valor e a sustentabilidade do negócio dentro de uma política de responsabilidade ambiental.</span>[/vc_column_text][vc_separator type=&#8221;normal&#8221; color=&#8221;#194529&#8243;][vc_column_text]</p>
<h5>Visão</h5>
<p style="text-align: justify;">Estar entre os principais fornecedores do mercado e ser referência de excelência nos produtos e serviços que comercializamos através da satisfação do cliente, valorização e respeito às pessoas, responsabilidade social e respeito ao meio ambiente.</p>
<p>[/vc_column_text][vc_separator type=&#8221;normal&#8221; color=&#8221;#194529&#8243;][vc_column_text]</p>
<h5>Valores</h5>
<div>&#8211; Entusiasmo</div>
<div>&#8211; Inovação</div>
<div>&#8211; Simplicidade</div>
<div>&#8211; Criatividade</div>
<div>&#8211; Honestidade</div>
<div>&#8211; Excelência</div>
<p>[/vc_column_text][vc_separator type=&#8221;normal&#8221; color=&#8221;#194529&#8243;][/vc_accordion_tab][vc_accordion_tab title=&#8221;Responsabilidade Social&#8221; title_color=&#8221;#194529&#8243; background_color=&#8221;#ededed&#8221; title_tag=&#8221;h5&#8243;][vc_column_text]</p>
<div style="text-align: justify;">O Decreto–Lei n.º 147/2008, de 29 de julho (Diploma da Responsabilidade Ambiental) alterado pelo Decreto-Lei n.º 245/2009, de 22 de setembro, pelo Decreto-Lei n.º 29-A/2011, de 1 de março e pelo Decreto-Lei n.º 60/2012, de 14 de março, estabelece o regime jurídico da responsabilidade por danos ambientais e transpõe para a ordem jurídica nacional a Diretiva n.º 2004/35/CE, do Parlamento Europeu e do Conselho, de 21 de Abril de 2004, que aprovou, com base no princípio do poluidor-pagador, o regime relativo à responsabilidade ambiental aplicável à prevenção e reparação dos danos ambientais, com a alteração que lhe foi introduzida pela Diretiva n.º 2006/21/CE, do Parlamento Europeu e do Conselho, relativa à gestão de resíduos da indústria extrativa e pela Diretiva 2009/31/CE do Parlamento Europeu e do Conselho, de 23 de Abril, relativa ao armazenamento geológico de dióxido de carbono.</div>
<p style="text-align: justify;">O regime da responsabilidade ambiental aplica-se a:</p>
<ul style="text-align: justify;">
<li>Danos ambientais, nos termos do definido na alínea e) do n.º 1 do art. 11.º do diploma;</li>
<li>Ameaças iminentes desses danos, definidas na alínea b) do n.º 1 do art. 11.º do diploma;</li>
</ul>
<p style="text-align: justify;">causados em resultado do exercício de uma qualquer atividade desenvolvida no âmbito de uma atividade económica, independentemente do seu carácter público ou privado, lucrativo ou não, abreviadamente designada atividade ocupacional.</p>
<p style="text-align: justify;">A AZFIL tem uma atitude de responsabilidade ambiental, individual e empresarial, voltada para o desenvolvimento sustentável do planeta. Ou seja, estas atitudes devem levar em conta o crescimento econômico ajustado à proteção do meio ambiente na atualidade e para as gerações futuras, garantindo a sustentabilidade.</p>
<p>[/vc_column_text][/vc_accordion_tab][/vc_accordion][/vc_column][vc_column width=&#8221;1/2&#8243;][vc_separator type=&#8221;transparent&#8221;][vc_column_text]</p>
<h5>Certificações</h5>
<p>[/vc_column_text][vc_separator type=&#8221;normal&#8221; color=&#8221;#194529&#8243; down=&#8221;0&#8243;][vc_row_inner row_type=&#8221;row&#8221; type=&#8221;full_width&#8221; text_align=&#8221;left&#8221; css_animation=&#8221;&#8221;][vc_column_inner width=&#8221;2/4&#8243;][vc_separator type=&#8221;transparent&#8221; up=&#8221;1&#8243;][vc_single_image image=&#8221;16932&#8243; img_size=&#8221;full&#8221; alignment=&#8221;center&#8221; qode_css_animation=&#8221;&#8221;][vc_separator type=&#8221;transparent&#8221;][/vc_column_inner][vc_column_inner width=&#8221;1/4&#8243;][vc_separator type=&#8221;transparent&#8221; up=&#8221;1&#8243;][vc_single_image image=&#8221;16931&#8243; img_size=&#8221;full&#8221; alignment=&#8221;center&#8221; qode_css_animation=&#8221;&#8221;][vc_separator type=&#8221;transparent&#8221;][/vc_column_inner][vc_column_inner width=&#8221;1/4&#8243;][vc_separator type=&#8221;transparent&#8221; up=&#8221;1&#8243;][vc_single_image image=&#8221;16930&#8243; img_size=&#8221;full&#8221; alignment=&#8221;center&#8221; qode_css_animation=&#8221;&#8221;][vc_separator type=&#8221;transparent&#8221;][/vc_column_inner][/vc_row_inner][/vc_column][/vc_row]</p>

<p>[vc_row row_type=&#8221;row&#8221; use_row_as_full_screen_section=&#8221;no&#8221; type=&#8221;full_width&#8221; angled_section=&#8221;no&#8221; text_align=&#8221;left&#8221; background_image_as_pattern=&#8221;without_pattern&#8221; css_animation=&#8221;&#8221;][vc_column][vc_empty_space][/vc_column][/vc_row][vc_row row_type=&#8221;row&#8221; use_row_as_full_screen_section=&#8221;no&#8221; type=&#8221;grid&#8221; angled_section=&#8221;no&#8221; text_align=&#8221;left&#8221; background_image_as_pattern=&#8221;without_pattern&#8221; css_animation=&#8221;&#8221;][vc_column width=&#8221;1/2&#8243;][vc_separator type=&#8221;transparent&#8221;][vc_single_image image=&#8221;16707&#8243; img_size=&#8221;full&#8221; qode_css_animation=&#8221;&#8221;][vc_separator type=&#8221;transparent&#8221;][/vc_column][vc_column width=&#8221;1/2&#8243;][vc_separator type=&#8221;transparent&#8221;][vc_column_text] Construção Civil e Obras Públicas;  Transportes de Mercadorias  [/vc_column_text][vc_separator type=&#8221;normal&#8221; color=&#8221;#194529&#8243;][vc_column_text] A origem da empresa remonta a 1993, data que coincide com o&#8230;</p>
